{"id":4894,"date":"2025-11-07T13:29:14","date_gmt":"2025-11-07T12:29:14","guid":{"rendered":"https:\/\/www.grand-massif.com\/samoens-in-winter\/"},"modified":"2025-12-17T11:14:42","modified_gmt":"2025-12-17T10:14:42","slug":"samoens-in-winter","status":"publish","type":"page","link":"https:\/\/www.grand-massif.com\/en\/the-5-stations\/samoens-in-winter\/","title":{"rendered":"Samo\u00ebns in winter"},"content":{"rendered":"<div class=\"GutCol2  GutContainer\">\n        <div class=\"GutCol2-container\">\n\n            <div class=\"GutTitle Left\">\n                    <span class=\"GutTitle-surtitle\">GRAND MASSIF<\/span>\n                            <h2 class=\"GutTitle-title\">Samo\u00ebns<\/h2>\n                            <span class=\"GutTitle-subtitle\">1600M &#8211; 2120M<\/span>\n            <\/div>\n\n                                                                                                                                        <div class=\"GutCol2-wrap GutCol2-blocImage Left\">\n                                    <picture class=\"GutCol2-picture\">\n                                        <img decoding=\"async\" src=\"https:\/\/www.grand-massif.com\/content\/uploads\/2025\/12\/Samoens-058-510x710.jpg\"\n                                             alt=\"Fontaine dans le centre de Samoens\" \/>\n                                    <\/picture>\n                                                                    <\/div>\n                                                                                                                                                    No result\n                                                                <\/div>\n    <\/div>\n<div class=\"GutCol2  GutContainer\">\n        <div class=\"GutCol2-container\">\n\n            \n                                                                                                                                        <div class=\"GutCol2-wrap GutCol2-blocImage Left\">\n                                    <picture class=\"GutCol2-picture\">\n                                        <img decoding=\"async\" src=\"https:\/\/www.grand-massif.com\/content\/uploads\/2025\/11\/Grand-Massif_Apero_Suspendu_Samoens_Mickael-Marquaille-510x588.jpg\"\n                                             alt=\"Ap\u00e9ro Suspendu \u00e0 Samo\u00ebns\" \/>\n                                    <\/picture>\n                                                                    <\/div>\n                                                                                                                                                    No result\n                                                                <\/div>\n    <\/div>\n","protected":false},"excerpt":{"rendered":"","protected":false},"author":4,"featured_media":0,"parent":5028,"menu_order":0,"comment_status":"closed","ping_status":"closed","template":"","meta":{"_acf_changed":false,"inline_featured_image":false,"footnotes":""},"class_list":["post-4894","page","type-page","status-publish","hentry"],"acf":[],"_links":{"self":[{"href":"https:\/\/www.grand-massif.com\/en\/wp-json\/wp\/v2\/pages\/4894","targetHints":{"allow":["GET"]}}],"collection":[{"href":"https:\/\/www.grand-massif.com\/en\/wp-json\/wp\/v2\/pages"}],"about":[{"href":"https:\/\/www.grand-massif.com\/en\/wp-json\/wp\/v2\/types\/page"}],"author":[{"embeddable":true,"href":"https:\/\/www.grand-massif.com\/en\/wp-json\/wp\/v2\/users\/4"}],"replies":[{"embeddable":true,"href":"https:\/\/www.grand-massif.com\/en\/wp-json\/wp\/v2\/comments?post=4894"}],"version-history":[{"count":6,"href":"https:\/\/www.grand-massif.com\/en\/wp-json\/wp\/v2\/pages\/4894\/revisions"}],"predecessor-version":[{"id":7737,"href":"https:\/\/www.grand-massif.com\/en\/wp-json\/wp\/v2\/pages\/4894\/revisions\/7737"}],"up":[{"embeddable":true,"href":"https:\/\/www.grand-massif.com\/en\/wp-json\/wp\/v2\/pages\/5028"}],"wp:attachment":[{"href":"https:\/\/www.grand-massif.com\/en\/wp-json\/wp\/v2\/media?parent=4894"}],"curies":[{"name":"wp","href":"https:\/\/api.w.org\/{rel}","templated":true}]}}

Samoëns in winter

<div class="GutCol2  GutContainer">
        <div class="GutCol2-container">

            <div class="GutTitle Left">
                    <span class="GutTitle-surtitle">GRAND MASSIF</span>
                            <h2 class="GutTitle-title">Samoëns</h2>
                            <span class="GutTitle-subtitle">1600M &#8211; 2120M</span>
            </div>

                                                                                                                                        <div class="GutCol2-wrap GutCol2-blocImage Left">
                                    <picture class="GutCol2-picture">
                                        <img decoding="async" src="https://www.grand-massif.com/content/uploads/2025/12/Samoens-058-510x710.jpg"
                                             alt="Fontaine dans le centre de Samoens" />
                                    </picture>
                                                                    </div>
                                                                                                                                                    No result
                                                                </div>
    </div>
<div class="GutCol2  GutContainer">
        <div class="GutCol2-container">

            
                                                                                                                                        <div class="GutCol2-wrap GutCol2-blocImage Left">
                                    <picture class="GutCol2-picture">
                                        <img decoding="async" src="https://www.grand-massif.com/content/uploads/2025/11/Grand-Massif_Apero_Suspendu_Samoens_Mickael-Marquaille-510x588.jpg"
                                             alt="Apéro Suspendu à Samoëns" />
                                    </picture>
                                                                    </div>
                                                                                                                                                    No result
                                                                </div>
    </div>
